{"id":22,"date":"2018-06-15T10:26:01","date_gmt":"2018-06-15T10:26:01","guid":{"rendered":"https:\/\/rl.privatschule-mannheim.de\/?page_id=22"},"modified":"2021-01-21T19:09:40","modified_gmt":"2021-01-21T19:09:40","slug":"partner-und-foerderer","status":"publish","type":"page","link":"https:\/\/rl.privatschule-mannheim.de\/?page_id=22","title":{"rendered":"Partner und F\u00f6rderer"},"content":{"rendered":"<p><img loading=\"lazy\" decoding=\"async\" class=\"alignnone wp-image-70\" src=\"https:\/\/rl.privatschule-mannheim.de\/wp-content\/uploads\/2018\/06\/Download-1-1.jpg\" alt=\"\" width=\"86\" height=\"97\" \/>\u00a0 \u00a0 <img loading=\"lazy\" decoding=\"async\" class=\"alignnone wp-image-67\" src=\"https:\/\/rl.privatschule-mannheim.de\/wp-content\/uploads\/2018\/06\/Download-2.jpg\" alt=\"\" width=\"128\" height=\"145\" \/>\u00a0 \u00a0\u00a0<img loading=\"lazy\" decoding=\"async\" class=\"alignnone wp-image-68\" src=\"https:\/\/rl.privatschule-mannheim.de\/wp-content\/uploads\/2018\/06\/pollichia_logo-1.jpg\" alt=\"\" width=\"77\" height=\"152\" \/><\/p>\n<p>Der &#8222;Gemeinschaftsacker&#8220; ist ein Kooperationsprojekt zwischen den Naturschutzverb\u00e4nden &#8222;POLLICHIA&#8220; und der &#8222;Naturschutzinitiative&#8220; sowie der Karl-von-Drais Schule Mannheim.<\/p>\n<p>Die Umsetzung des Projektes wurde m\u00f6glich durch eine Spende der <a href=\"https:\/\/www.basf.com\/de\/de.html\" target=\"_blank\" rel=\"noopener\">BASF SE<\/a> im Rahmen des F\u00f6rderprogrammes <a href=\"https:\/\/www.basf.com\/de\/de\/company\/about-us\/sites\/ludwigshafen\/commitment-for-the-region\/gemeinsam-neues-schaffen.html\" target=\"_blank\" rel=\"noopener\">&#8222;Gemeinsam Neues Schaffen&#8220;<\/a>.<\/p>\n<p><em><strong>Die Projektpartner im \u00dcberblick:<\/strong><\/em><\/p>\n<p><a href=\"http:\/\/www.privatschule-mannheim.de\/web\/index.php\" target=\"_blank\" rel=\"noopener\"><strong><img loading=\"lazy\" decoding=\"async\" class=\"wp-image-67 alignleft\" src=\"https:\/\/rl.privatschule-mannheim.de\/wp-content\/uploads\/2018\/06\/Download-2.jpg\" alt=\"\" width=\"121\" height=\"113\" \/><\/strong><\/a><\/p>\n<p><a href=\"http:\/\/www.privatschule-mannheim.de\/web\/index.php\" target=\"_blank\" rel=\"noopener\"><strong>Karl-Drais-Schule Mannheim:\u00a0<\/strong><\/a>Die Karl-von-Drais-Schule hat ihren Unterrichtsbetrieb im September 2006 aufgenommen. Mit ihrem Namen sollen der innovative Geist sowie der regionale Bezug betont werden. Die Schule umfasst Gymnasium und Realschule; beide sind staatlich anerkannt. Unsere Lehrer stehen p\u00e4dagogischen Neuerungen sowie aktuellen Entwicklungen aufgeschlossen gegen\u00fcber und wollen dabei Positives auf den Weg bringen. Die KvD-Schule versteht sich als Erg\u00e4nzung des breitgef\u00e4cherten Mannheimer Bildungsangebots. Weltanschaulich neutral ist sie offen f\u00fcr Sch\u00fclerinnen und Sch\u00fcler aus allen Kulturkreisen, Nationen und Konfessionen.<\/p>\n<p><a href=\"https:\/\/www.pollichia.de\/\" target=\"_blank\" rel=\"noopener\"><strong><img loading=\"lazy\" decoding=\"async\" class=\" wp-image-68 alignleft\" src=\"https:\/\/rl.privatschule-mannheim.de\/wp-content\/uploads\/2018\/06\/pollichia_logo-1.jpg\" alt=\"\" width=\"109\" height=\"138\" \/>POLLICHIA e.V.:\u00a0<\/strong><\/a>Die POLLICHIA ist ein forschender\u00a0Naturschutzverein mit Sitz in Bad D\u00fckheim. Sie z\u00e4hlt etwa 15 regionale Gruppen mit rund 2.800\u00a0Mitgliedern. Damit ist die POLLICHIA nach der\u00a0Senckenberg Gesellschaft f\u00fcr Naturforschung\u00a0der zweitgr\u00f6\u00dfte\u00a0naturforschende Verein\u00a0im deutschsprachigen Raum.Der Verein\u00a0f\u00fchrt Studienfahrten, Exkursionen und Vortragsveranstaltungen durch. Die diversen Arbeitsfelder der Naturwissenschaften werden in zahlreichen spezialisierten Arbeitskreisen bearbeitet. Au\u00dferdem werden rund 80 ha besonders sch\u00fctzenswerter Gebiete von der Pollichia gepflegt. Sitz des Vereins ist auch heute noch der Gr\u00fcndungsort\u00a0Bad D\u00fcrkheim, die Gesch\u00e4ftsstelle befindet sich im neuen Haus der Artenvielfalt in\u00a0Neustadt an der Weinstra\u00dfe.<\/p>\n<p><img loading=\"lazy\" decoding=\"async\" class=\"alignnone wp-image-70\" src=\"https:\/\/rl.privatschule-mannheim.de\/wp-content\/uploads\/2018\/06\/Download-1-1.jpg\" alt=\"\" width=\"100\" height=\"107\" \/>\u00a0 \u00a0<a href=\"https:\/\/naturschutz-initiative.de\/\" target=\"_blank\" rel=\"noopener\"><strong>NATURSCHUTZINITIATIVE e.V. (NI)<\/strong><\/a><br \/>\n<em>Verein zum Schutz von Landschaften, W\u00e4ldern, Wildtieren und Lebensr\u00e4umen<\/em><br \/>\nDie NATURSCHUTZINITIATIVE ist ein unabh\u00e4ngiger und gemeinn\u00fctziger Naturschutzverein, der sich im Sinne einer origin\u00e4ren und urspr\u00fcnglichen Naturschutzarbeit f\u00fcr den Schutz von Landschaften, W\u00e4ldern, Wildtieren und Lebensr\u00e4umen einsetzt.\u00a0Die NI will das Verst\u00e4ndnis f\u00fcr Naturvorg\u00e4nge und notwendige Schutzma\u00dfnahmen in allen Kreisen der Bev\u00f6lkerung, in der Jugend- und Erwachsenenbildung und insbesondere bei den verantwortlichen Pers\u00f6nlichkeiten in Politik, Verwaltung und Wirtschaft f\u00f6rdern. Die NI verfolgt das Ziel, bei den verantwortlichen Stellen und in der \u00d6ffentlichkeit Planungen oder Ma\u00dfnahmen mit Nachdruck entgegenzutreten, die Wildtiere, Wildpflanzen, Lebensr\u00e4ume, \u00d6kosysteme und Landschaften sch\u00e4digen und\/oder einer nat\u00fcrlichen Dynamik unangemessen entgegenstehen.<\/p>\n<p><strong>Unser Projekt wird durch die BASF SE gro\u00dfz\u00fcgig gef\u00f6rdert im Rahmen des F\u00f6rderprogramms: &#8222;Gemeinsam neues Schaffen\u201c<\/strong><br \/>\nGemeinsam mit Partnern m\u00f6chte die BASF in der Metropolregion Rhein-Neckar ein lebenswertes Umfeld schaffen, das von Offenheit, Neugier und einem aktiven Miteinander lebt. Ohne das Engagement der vielen Institutionen aus Bildung, Sport, Kunst &amp; Kultur und Soziales ist dies nicht m\u00f6glich. Weitere Informationen:\u00a0 <a href=\"https:\/\/www.basf.com\/de\/de\/company\/about-us\/sites\/ludwigshafen\/commitment-for-the-region\/gemeinsam-neues-schaffen.html\" target=\"_blank\" rel=\"noopener\">Gemeinsam neues Schaffen<\/a><\/p>\n","protected":false},"excerpt":{"rendered":"<p>\u00a0 \u00a0 \u00a0 \u00a0\u00a0 Der &#8222;Gemeinschaftsacker&#8220; ist ein Kooperationsprojekt zwischen den Naturschutzverb\u00e4nden &#8222;POLLICHIA&#8220; und der &#8222;Naturschutzinitiative&#8220; sowie der Karl-von-Drais Schule Mannheim. Die Umsetzung des Projektes wurde m\u00f6glich durch eine Spende der BASF SE im Rahmen des F\u00f6rderprogrammes &#8222;Gemeinsam Neues Schaffen&#8220;. Die Projektpartner im \u00dcberblick: Karl-Drais-Schule Mannheim:\u00a0Die Karl-von-Drais-Schule hat ihren Unterrichtsbetrieb im September 2006 aufgenommen. Mit &hellip; <a href=\"https:\/\/rl.privatschule-mannheim.de\/?page_id=22\" class=\"more-link\"><span class=\"screen-reader-text\">Partner und F\u00f6rderer<\/span> weiterlesen<\/a><\/p>\n","protected":false},"author":2,"featured_media":0,"parent":0,"menu_order":0,"comment_status":"closed","ping_status":"closed","template":"","meta":{"footnotes":""},"class_list":["post-22","page","type-page","status-publish","hentry"],"_links":{"self":[{"href":"https:\/\/rl.privatschule-mannheim.de\/index.php?rest_route=\/wp\/v2\/pages\/22","targetHints":{"allow":["GET"]}}],"collection":[{"href":"https:\/\/rl.privatschule-mannheim.de\/index.php?rest_route=\/wp\/v2\/pages"}],"about":[{"href":"https:\/\/rl.privatschule-mannheim.de\/index.php?rest_route=\/wp\/v2\/types\/page"}],"author":[{"embeddable":true,"href":"https:\/\/rl.privatschule-mannheim.de\/index.php?rest_route=\/wp\/v2\/users\/2"}],"replies":[{"embeddable":true,"href":"https:\/\/rl.privatschule-mannheim.de\/index.php?rest_route=%2Fwp%2Fv2%2Fcomments&post=22"}],"version-history":[{"count":17,"href":"https:\/\/rl.privatschule-mannheim.de\/index.php?rest_route=\/wp\/v2\/pages\/22\/revisions"}],"predecessor-version":[{"id":247,"href":"https:\/\/rl.privatschule-mannheim.de\/index.php?rest_route=\/wp\/v2\/pages\/22\/revisions\/247"}],"wp:attachment":[{"href":"https:\/\/rl.privatschule-mannheim.de\/index.php?rest_route=%2Fwp%2Fv2%2Fmedia&parent=22"}],"curies":[{"name":"wp","href":"https:\/\/api.w.org\/{rel}","templated":true}]}}

Partner und Förderer

<p><img loading="lazy" decoding="async" class="alignnone wp-image-70" src="https://rl.privatschule-mannheim.de/wp-content/uploads/2018/06/Download-1-1.jpg" alt="" width="86" height="97" />    <img loading="lazy" decoding="async" class="alignnone wp-image-67" src="https://rl.privatschule-mannheim.de/wp-content/uploads/2018/06/Download-2.jpg" alt="" width="128" height="145" />    <img loading="lazy" decoding="async" class="alignnone wp-image-68" src="https://rl.privatschule-mannheim.de/wp-content/uploads/2018/06/pollichia_logo-1.jpg" alt="" width="77" height="152" /></p>
<p>Der &#8222;Gemeinschaftsacker&#8220; ist ein Kooperationsprojekt zwischen den Naturschutzverbänden &#8222;POLLICHIA&#8220; und der &#8222;Naturschutzinitiative&#8220; sowie der Karl-von-Drais Schule Mannheim.</p>
<p>Die Umsetzung des Projektes wurde möglich durch eine Spende der <a href="https://www.basf.com/de/de.html" target="_blank" rel="noopener">BASF SE</a> im Rahmen des Förderprogrammes <a href="https://www.basf.com/de/de/company/about-us/sites/ludwigshafen/commitment-for-the-region/gemeinsam-neues-schaffen.html" target="_blank" rel="noopener">&#8222;Gemeinsam Neues Schaffen&#8220;</a>.</p>
<p><em><strong>Die Projektpartner im Überblick:</strong></em></p>
<p><a href="http://www.privatschule-mannheim.de/web/index.php" target="_blank" rel="noopener"><strong><img loading="lazy" decoding="async" class="wp-image-67 alignleft" src="https://rl.privatschule-mannheim.de/wp-content/uploads/2018/06/Download-2.jpg" alt="" width="121" height="113" /></strong></a></p>
<p><a href="http://www.privatschule-mannheim.de/web/index.php" target="_blank" rel="noopener"><strong>Karl-Drais-Schule Mannheim: </strong></a>Die Karl-von-Drais-Schule hat ihren Unterrichtsbetrieb im September 2006 aufgenommen. Mit ihrem Namen sollen der innovative Geist sowie der regionale Bezug betont werden. Die Schule umfasst Gymnasium und Realschule; beide sind staatlich anerkannt. Unsere Lehrer stehen pädagogischen Neuerungen sowie aktuellen Entwicklungen aufgeschlossen gegenüber und wollen dabei Positives auf den Weg bringen. Die KvD-Schule versteht sich als Ergänzung des breitgefächerten Mannheimer Bildungsangebots. Weltanschaulich neutral ist sie offen für Schülerinnen und Schüler aus allen Kulturkreisen, Nationen und Konfessionen.</p>
<p><a href="https://www.pollichia.de/" target="_blank" rel="noopener"><strong><img loading="lazy" decoding="async" class=" wp-image-68 alignleft" src="https://rl.privatschule-mannheim.de/wp-content/uploads/2018/06/pollichia_logo-1.jpg" alt="" width="109" height="138" />POLLICHIA e.V.: </strong></a>Die POLLICHIA ist ein forschender Naturschutzverein mit Sitz in Bad Dükheim. Sie zählt etwa 15 regionale Gruppen mit rund 2.800 Mitgliedern. Damit ist die POLLICHIA nach der Senckenberg Gesellschaft für Naturforschung der zweitgrößte naturforschende Verein im deutschsprachigen Raum.Der Verein führt Studienfahrten, Exkursionen und Vortragsveranstaltungen durch. Die diversen Arbeitsfelder der Naturwissenschaften werden in zahlreichen spezialisierten Arbeitskreisen bearbeitet. Außerdem werden rund 80 ha besonders schützenswerter Gebiete von der Pollichia gepflegt. Sitz des Vereins ist auch heute noch der Gründungsort Bad Dürkheim, die Geschäftsstelle befindet sich im neuen Haus der Artenvielfalt in Neustadt an der Weinstraße.</p>
<p><img loading="lazy" decoding="async" class="alignnone wp-image-70" src="https://rl.privatschule-mannheim.de/wp-content/uploads/2018/06/Download-1-1.jpg" alt="" width="100" height="107" />   <a href="https://naturschutz-initiative.de/" target="_blank" rel="noopener"><strong>NATURSCHUTZINITIATIVE e.V. (NI)</strong></a><br />
<em>Verein zum Schutz von Landschaften, Wäldern, Wildtieren und Lebensräumen</em><br />
Die NATURSCHUTZINITIATIVE ist ein unabhängiger und gemeinnütziger Naturschutzverein, der sich im Sinne einer originären und ursprünglichen Naturschutzarbeit für den Schutz von Landschaften, Wäldern, Wildtieren und Lebensräumen einsetzt. Die NI will das Verständnis für Naturvorgänge und notwendige Schutzmaßnahmen in allen Kreisen der Bevölkerung, in der Jugend- und Erwachsenenbildung und insbesondere bei den verantwortlichen Persönlichkeiten in Politik, Verwaltung und Wirtschaft fördern. Die NI verfolgt das Ziel, bei den verantwortlichen Stellen und in der Öffentlichkeit Planungen oder Maßnahmen mit Nachdruck entgegenzutreten, die Wildtiere, Wildpflanzen, Lebensräume, Ökosysteme und Landschaften schädigen und/oder einer natürlichen Dynamik unangemessen entgegenstehen.</p>
<p><strong>Unser Projekt wird durch die BASF SE großzügig gefördert im Rahmen des Förderprogramms: &#8222;Gemeinsam neues Schaffen“</strong><br />
Gemeinsam mit Partnern möchte die BASF in der Metropolregion Rhein-Neckar ein lebenswertes Umfeld schaffen, das von Offenheit, Neugier und einem aktiven Miteinander lebt. Ohne das Engagement der vielen Institutionen aus Bildung, Sport, Kunst &amp; Kultur und Soziales ist dies nicht möglich. Weitere Informationen:  <a href="https://www.basf.com/de/de/company/about-us/sites/ludwigshafen/commitment-for-the-region/gemeinsam-neues-schaffen.html" target="_blank" rel="noopener">Gemeinsam neues Schaffen</a></p>

<p>         Der &#8222;Gemeinschaftsacker&#8220; ist ein Kooperationsprojekt zwischen den Naturschutzverbänden &#8222;POLLICHIA&#8220; und der &#8222;Naturschutzinitiative&#8220; sowie der Karl-von-Drais Schule Mannheim. Die Umsetzung des Projektes wurde möglich durch eine Spende der BASF SE im Rahmen des Förderprogrammes &#8222;Gemeinsam Neues Schaffen&#8220;. Die Projektpartner im Überblick: Karl-Drais-Schule Mannheim: Die Karl-von-Drais-Schule hat ihren Unterrichtsbetrieb im September 2006 aufgenommen. Mit &hellip; <a href="https://rl.privatschule-mannheim.de/?page_id=22" class="more-link"><span class="screen-reader-text">Partner und Förderer</span> weiterlesen</a></p>
